{"id":405,"date":"2015-09-26T10:36:00","date_gmt":"2015-09-26T08:36:00","guid":{"rendered":"http:\/\/www.cem.info.pl\/?page_id=405"},"modified":"2022-12-15T17:30:33","modified_gmt":"2022-12-15T16:30:33","slug":"raporty","status":"publish","type":"page","link":"https:\/\/cem.info.pl\/?page_id=405","title":{"rendered":"Raporty"},"content":{"rendered":"<p>Publiczne rozpowszechnianie informacji, raport\u00f3w o naszych dzia\u0142aniach&nbsp; i wynikach s\u0105 bardzo wa\u017cne. We wszystkich czterech krajach staramy si\u0119 informowa\u0107&nbsp; przez \u015brodki masowego przekazu, gazety, internet itp. W tej cz\u0119\u015bci zbieramy artyku\u0142y gazetowe, sieciowe o naszej aktywno\u015bci.<\/p>\n<p>Chcemy pokaza\u0107 gdzie , co si\u0119 ukaza\u0142o, kt\u00f3rzy&nbsp; czytelnicy, s\u0142uchacze, osi\u0105gn\u0119li informacje o projekcie i naszej wsp\u00f3\u0142pracy.<\/p>\n<p><strong>Strona internetowa&nbsp; Herzberga am Harz &#8211; miasto-Esperanto,&nbsp;Niemcy<br \/>\n<\/strong><\/p>\n<ul>\n<li>O <a href=\"https:\/\/esperanto-urbo.de\">wizycie w Niemczech<\/a><\/li>\n<\/ul>\n<p><strong>Narodowe gazety, &nbsp;gazety internetowe&nbsp; o<\/strong> <strong>wizytach w Polsce, Holandii i na W\u0119grzech:<\/strong><\/p>\n<ul>\n<li>Dobry Tygodnik Sadecki, Nowy S\u0105cz (PL) (artyku\u0142&nbsp;<a href=\"http:\/\/kulturdiverseco.esperanto-urbo.de\/dokumentoj\/raportoj\/dts24.pl-jak_uczy_wielokulturowoci_red.pdf\" target=\"_blank\" rel=\"noopener\">&nbsp;pdf<\/a>)<\/li>\n<li>Dobry Tygodnik, Nowy S\u0105cz (PL) (artyku\u0142 <a href=\"http:\/\/kulturdiverseco.esperanto-urbo.de\/dokumentoj\/raportoj\/pola-artikolo2014.01.20_seniorki.jpg\" target=\"_blank\"  rel=\"lightbox[405] noopener\">jpg<\/a>)<\/li>\n<li><a href=\"http:\/\/www.harzkurier.de\/lokales\/herzberg\/einblick-in-kultur-der-beskiden-id1324591.html\" target=\"_blank\" rel=\"noopener\">HarzKurier<\/a>, Herzberg-regiono, DE (artyku\u0142 <a href=\"http:\/\/kulturdiverseco.esperanto-urbo.de\/dokumentoj\/raportoj\/artik2014.02.04.jpg\" target=\"_blank\"  rel=\"lightbox[405] noopener\">jpg<\/a>)<\/li>\n<li>Uniwersytet Ludzi Niezwyklych (PL) (artyku\u0142 <a href=\"http:\/\/kulturdiverseco.esperanto-urbo.de\/dokumentoj\/raportoj\/uniwersytet_ludzi_niezwyklych2014_red.pdf\" target=\"_blank\" rel=\"noopener\">pdf<\/a>)<\/li>\n<li><a href=\"http:\/\/www.harzkurier.de\/lokales\/herzberg\/einblicke-in-kultur-der-friesen-id1471596.html\" target=\"_blank\" rel=\"noopener\">HarzKurier<\/a>, Herzberg am Harz, DE (artyku\u0142 <a href=\"http:\/\/kulturdiverseco.esperanto-urbo.de\/dokumentoj\/raportoj\/artik2014.06.02.jpg\" rel=\"lightbox[405]\">jpg<\/a>)<\/li>\n<\/ul>\n<p><strong>Esperanckie gazety i strony internetowe:<br \/>\n<\/strong><\/p>\n<p>1. O wizycie w Polsce:<\/p>\n<ul>\n<li><a href=\"http:\/\/kulturdiverseco.esperanto-urbo.de\/dokumentoj\/raportoj\/ondo-de-e-2014.3.jpg\" target=\"_blank\"  rel=\"lightbox[405] noopener\">La Ondo de Esperanto<\/a><\/li>\n<li><a href=\"http:\/\/www.europo.eu\/eo\/euhropa-bulteno\" target=\"_blank\" rel=\"noopener\">E\u016dropa Bulteno<\/a><\/li>\n<\/ul>\n<p>2. &nbsp;<a href=\"http:\/\/edukado.net\/grundtvig\" target=\"_blank\" rel=\"noopener\">edukado.net<\/a>: fotografie, raporty<\/p>\n<p>3. esperanto-urbo.de:<\/p>\n<ul>\n<li><a href=\"http:\/\/esperanto-urbo.de\/blog.php?blog_id=17518600\">vizyta&nbsp;w&nbsp;Polsce<\/a><\/li>\n<li><a href=\"http:\/\/esperanto-urbo.de\/blog.php?blog_id=71407580\">wizyta w Holandii<\/a><\/li>\n<li><a href=\"http:\/\/esperanto-urbo.de\/blog.php?blog_id=72572691\">wizyta na W\u0119grzech<\/a><\/li>\n<li><a href=\"http:\/\/esperanto-urbo.de\/blog.php?blog_id=72572691\">seminarium w Niemczech<\/a><\/li>\n<\/ul>\n<p>4. &nbsp;Na stronie&nbsp; Centrum Edukacji Mi\u0119dzykulturowej \u2013<a href=\"http:\/\/www.cem.info.pl\/\">www.cem.info.pl<\/a><\/p>\n<p>&nbsp;<\/p>\n<p>&nbsp;<\/p>","protected":false},"excerpt":{"rendered":"<p>Publiczne rozpowszechnianie informacji, raport\u00f3w o naszych dzia\u0142aniach&nbsp; i wynikach s\u0105 bardzo wa\u017cne. We wszystkich czterech krajach staramy si\u0119 informowa\u0107&nbsp; przez \u015brodki masowego przekazu, gazety, internet itp. W tej cz\u0119\u015bci zbieramy artyku\u0142y gazetowe, sieciowe o naszej aktywno\u015bci. Chcemy pokaza\u0107 gdzie , co si\u0119 ukaza\u0142o, kt\u00f3rzy&nbsp; czytelnicy, s\u0142uchacze, osi\u0105gn\u0119li informacje o projekcie i naszej wsp\u00f3\u0142pracy. Strona internetowa&nbsp; [&hellip;]<\/p>\n","protected":false},"author":3,"featured_media":0,"parent":508,"menu_order":5,"comment_status":"closed","ping_status":"closed","template":"","meta":{"ngg_post_thumbnail":0,"footnotes":""},"class_list":["post-405","page","type-page","status-publish","hentry"],"_links":{"self":[{"href":"https:\/\/cem.info.pl\/index.php?rest_route=\/wp\/v2\/pages\/405","targetHints":{"allow":["GET"]}}],"collection":[{"href":"https:\/\/cem.info.pl\/index.php?rest_route=\/wp\/v2\/pages"}],"about":[{"href":"https:\/\/cem.info.pl\/index.php?rest_route=\/wp\/v2\/types\/page"}],"author":[{"embeddable":true,"href":"https:\/\/cem.info.pl\/index.php?rest_route=\/wp\/v2\/users\/3"}],"replies":[{"embeddable":true,"href":"https:\/\/cem.info.pl\/index.php?rest_route=%2Fwp%2Fv2%2Fcomments&post=405"}],"version-history":[{"count":19,"href":"https:\/\/cem.info.pl\/index.php?rest_route=\/wp\/v2\/pages\/405\/revisions"}],"predecessor-version":[{"id":2486,"href":"https:\/\/cem.info.pl\/index.php?rest_route=\/wp\/v2\/pages\/405\/revisions\/2486"}],"up":[{"embeddable":true,"href":"https:\/\/cem.info.pl\/index.php?rest_route=\/wp\/v2\/pages\/508"}],"wp:attachment":[{"href":"https:\/\/cem.info.pl\/index.php?rest_route=%2Fwp%2Fv2%2Fmedia&parent=405"}],"curies":[{"name":"wp","href":"https:\/\/api.w.org\/{rel}","templated":true}]}}