{"id":397,"date":"2015-09-26T10:30:06","date_gmt":"2015-09-26T08:30:06","guid":{"rendered":"http:\/\/www.cem.info.pl\/?page_id=397"},"modified":"2015-10-21T19:32:45","modified_gmt":"2015-10-21T17:32:45","slug":"dokumenty","status":"publish","type":"page","link":"https:\/\/cem.info.pl\/?page_id=397","title":{"rendered":"Dokumenty"},"content":{"rendered":"<p><\/p>\n<p style=\"text-align: justify;\">Tu jest zbi\u00f3r dokument\u00f3w odnosz\u0105cych si\u0119 do projektu, prace partner\u00f3w. S\u0105 to warto\u015bciowe dokumenty pokazuj\u0105ce wyniki naszej dwuletniej mi\u0119dzynarodowej wsp\u00f3\u0142pracy s\u0142u\u017c\u0105ce jako modele dla zainteresowanych tym tematem os\u00f3b i daj\u0105 wgl\u0105d w histori\u0119, kultur\u0119 i obecne \u017cycie kraj\u00f3w partnerskich. S\u0105 po\u017cytecznym narz\u0119dziem do nauki o warto\u015bciach kulturowych.<\/p>\n<p style=\"text-align: justify;\">Jest dla nas wa\u017cne, aby ka\u017cda publikacja o naszym projekcie, naszej partnerskiej wsp\u00f3\u0142pracy\u00a0 by\u0142a osi\u0105galna w jednym miejscu, gdzie b\u0119d\u0105 wszystkie artyku\u0142y, raporty, s\u0142u\u017c\u0105ce rozpowszechnieniu informacji.<\/p>\n<p><\/p>","protected":false},"excerpt":{"rendered":"<p>Tu jest zbi\u00f3r dokument\u00f3w odnosz\u0105cych si\u0119 do projektu, prace partner\u00f3w. S\u0105 to warto\u015bciowe dokumenty pokazuj\u0105ce wyniki naszej dwuletniej mi\u0119dzynarodowej wsp\u00f3\u0142pracy s\u0142u\u017c\u0105ce jako modele dla zainteresowanych tym tematem os\u00f3b i daj\u0105 wgl\u0105d w histori\u0119, kultur\u0119 i obecne \u017cycie kraj\u00f3w partnerskich. S\u0105 po\u017cytecznym narz\u0119dziem do nauki o warto\u015bciach kulturowych. Jest dla nas wa\u017cne, aby ka\u017cda publikacja o [&hellip;]<\/p>\n","protected":false},"author":3,"featured_media":0,"parent":508,"menu_order":3,"comment_status":"closed","ping_status":"closed","template":"","meta":{"ngg_post_thumbnail":0,"footnotes":""},"class_list":["post-397","page","type-page","status-publish","hentry"],"_links":{"self":[{"href":"https:\/\/cem.info.pl\/index.php?rest_route=\/wp\/v2\/pages\/397","targetHints":{"allow":["GET"]}}],"collection":[{"href":"https:\/\/cem.info.pl\/index.php?rest_route=\/wp\/v2\/pages"}],"about":[{"href":"https:\/\/cem.info.pl\/index.php?rest_route=\/wp\/v2\/types\/page"}],"author":[{"embeddable":true,"href":"https:\/\/cem.info.pl\/index.php?rest_route=\/wp\/v2\/users\/3"}],"replies":[{"embeddable":true,"href":"https:\/\/cem.info.pl\/index.php?rest_route=%2Fwp%2Fv2%2Fcomments&post=397"}],"version-history":[{"count":9,"href":"https:\/\/cem.info.pl\/index.php?rest_route=\/wp\/v2\/pages\/397\/revisions"}],"predecessor-version":[{"id":573,"href":"https:\/\/cem.info.pl\/index.php?rest_route=\/wp\/v2\/pages\/397\/revisions\/573"}],"up":[{"embeddable":true,"href":"https:\/\/cem.info.pl\/index.php?rest_route=\/wp\/v2\/pages\/508"}],"wp:attachment":[{"href":"https:\/\/cem.info.pl\/index.php?rest_route=%2Fwp%2Fv2%2Fmedia&parent=397"}],"curies":[{"name":"wp","href":"https:\/\/api.w.org\/{rel}","templated":true}]}}