{"id":3013,"date":"2023-11-02T19:58:02","date_gmt":"2023-11-02T18:58:02","guid":{"rendered":"https:\/\/cem.info.pl\/?page_id=3013"},"modified":"2023-11-02T19:58:46","modified_gmt":"2023-11-02T18:58:46","slug":"znajomosc-jezykow-obcych-poszerza-horyzonty","status":"publish","type":"page","link":"https:\/\/cem.info.pl\/?page_id=3013","title":{"rendered":"Znajomo\u015b\u0107 j\u0119zyk\u00f3w obcych poszerza horyzonty"},"content":{"rendered":"<p>&nbsp;&nbsp;&nbsp;&nbsp; We wrze\u015bniu 2023 r CEM otrzyma\u0142 z Narodowej Agencji pismo zatwierdzaj\u0105ce raport z realizacji przez stowarzyszenie projektu \u201eUcieczka od Staro\u015bci do Esperancji\u201d. Wykonane dzia\u0142ania projektowe oraz raport ocenione zosta\u0142y przez Narodow\u0105 Agencj\u0119 bardzo dobrze.<br \/>\n&nbsp;&nbsp;&nbsp; Od 1 sierpnia Centrum Edukacji Mi\u0119dzykulturowej przyst\u0105pi\u0142o do realizacji kolejnego projektu, kt\u00f3ry zosta\u0142 dofinansowany przez Uni\u0119 Europejsk\u0105 w ramach programu Erasmus+ w sektorze \u201eedukacja doros\u0142ych\u201d. Projekt nosi tytu\u0142 \u201eZnajomo\u015b\u0107 j\u0119zyk\u00f3w obcych poszerza horyzonty\u201d.<br \/>\n&nbsp;&nbsp;&nbsp; Zgodnie z za\u0142o\u017ceniami programu Erasmus+ w zakresie mobilno\u015bci kadry \u2013 \u201eudzia\u0142 w kursach i szkoleniach\u201d &#8211; w projekcie bierze udzia\u0142 kadra zarz\u0105dzaj\u0105ca oraz cz\u0142onkowie aktywnie dzia\u0142aj\u0105cy na rzecz CEM.<br \/>\n&nbsp;&nbsp;&nbsp; W sektorze tym z\u0142o\u017cono 163 wnioski , z czego zaakceptowanych zosta\u0142o 102 . Wniosek CEM autorstwa Bo\u017ceny Kocyk i Ma\u0142gorzaty Piluch uzyska\u0142 7 lokat\u0119 pod wzgl\u0119dem jako\u015bci z not\u0105 89 punkt\u00f3w na 100 mo\u017cliwych.<br \/>\n&nbsp;&nbsp;&nbsp; G\u0142\u00f3wnym celem projektu jest podniesienie umiej\u0119tno\u015bci porozumiewania si\u0119 w j\u0119zyku angielskim, kompetencji cyfrowych uczestnik\u00f3w projektu. Poszerzy to pole dzia\u0142alno\u015bci, wzbogaci stron\u0119 internetow\u0105 a tak\u017ce wzmocni mo\u017cliwo\u015bci wsp\u00f3\u0142pracy mi\u0119dzynarodowej stowarzyszenia. Najwa\u017cniejszym etapem projektu jest mobilno\u015b\u0107 edukacyjna czyli udzia\u0142 w kursie j\u0119zyka angielskiego za granic\u0105.<br \/>\n&nbsp;&nbsp;&nbsp; Wyjazd poprzedzony by\u0142 zaj\u0119ciami przygotowawczymi a wi\u0119c przede wszystkim uczestnictwem os\u00f3b bior\u0105cych udzia\u0142 w projekcie w zaj\u0119ciach z j\u0119zyka angielskiego. Osoby zakwalifikowane do projektu musia\u0142y posiada\u0107 przynajmniej podstawow\u0105 znajomo\u015b\u0107 j\u0119zyka angielskiego.<br \/>\n&nbsp;&nbsp;&nbsp; Kurs j\u0119zykowy odby\u0142 si\u0119 w profesjonalnej szkole jak\u0105 jest Institute of English Language Studies (IELS) w mie\u015bcie Sliema na Malcie.<br \/>\n&nbsp;&nbsp;&nbsp; Na podstawie wynik\u00f3w test\u00f3w pisemnych on line przys\u0142anych przez IELS oraz rozmowy kwalifikacyjnej z zastosowaniem ZOOM przydzielono uczestnik\u00f3w do grup mi\u0119dzynarodowych o odpowiednim poziomie znajomo\u015bci j\u0119zyka.<br \/>\n&nbsp;&nbsp;&nbsp; Po dwutygodniowym intensywnym kursie j\u0119zyka angielskiego uczestnicy mobilno\u015bci realizowa\u0107 b\u0119d\u0105 dalsze za\u0142o\u017cenia projektu.<\/p>\n<p><a href=\"https:\/\/cem.info.pl\/wp-content\/uploads\/2022\/05\/logo_cofound_by_eu.webp\"><img loading=\"lazy\" decoding=\"async\" class=\"wp-image-2317 size-full aligncenter\" src=\"https:\/\/cem.info.pl\/wp-content\/uploads\/2022\/05\/logo_cofound_by_eu.webp\" alt=\"\" width=\"400\" height=\"71\" srcset=\"https:\/\/cem.info.pl\/wp-content\/uploads\/2022\/05\/logo_cofound_by_eu.webp 400w, https:\/\/cem.info.pl\/wp-content\/uploads\/2022\/05\/logo_cofound_by_eu-300x53.webp 300w\" sizes=\"auto, (max-width: 400px) 100vw, 400px\" \/><\/a><\/p>","protected":false},"excerpt":{"rendered":"<p>&nbsp;&nbsp;&nbsp;&nbsp; We wrze\u015bniu 2023 r CEM otrzyma\u0142 z Narodowej Agencji pismo zatwierdzaj\u0105ce raport z realizacji przez stowarzyszenie projektu \u201eUcieczka od Staro\u015bci do Esperancji\u201d. Wykonane dzia\u0142ania projektowe oraz raport ocenione zosta\u0142y przez Narodow\u0105 Agencj\u0119 bardzo dobrze. &nbsp;&nbsp;&nbsp; Od 1 sierpnia Centrum Edukacji Mi\u0119dzykulturowej przyst\u0105pi\u0142o do realizacji kolejnego projektu, kt\u00f3ry zosta\u0142 dofinansowany przez Uni\u0119 Europejsk\u0105 w ramach [&hellip;]<\/p>\n","protected":false},"author":4,"featured_media":0,"parent":0,"menu_order":0,"comment_status":"closed","ping_status":"closed","template":"","meta":{"ngg_post_thumbnail":0,"footnotes":""},"class_list":["post-3013","page","type-page","status-publish","hentry"],"_links":{"self":[{"href":"https:\/\/cem.info.pl\/index.php?rest_route=\/wp\/v2\/pages\/3013","targetHints":{"allow":["GET"]}}],"collection":[{"href":"https:\/\/cem.info.pl\/index.php?rest_route=\/wp\/v2\/pages"}],"about":[{"href":"https:\/\/cem.info.pl\/index.php?rest_route=\/wp\/v2\/types\/page"}],"author":[{"embeddable":true,"href":"https:\/\/cem.info.pl\/index.php?rest_route=\/wp\/v2\/users\/4"}],"replies":[{"embeddable":true,"href":"https:\/\/cem.info.pl\/index.php?rest_route=%2Fwp%2Fv2%2Fcomments&post=3013"}],"version-history":[{"count":1,"href":"https:\/\/cem.info.pl\/index.php?rest_route=\/wp\/v2\/pages\/3013\/revisions"}],"predecessor-version":[{"id":3014,"href":"https:\/\/cem.info.pl\/index.php?rest_route=\/wp\/v2\/pages\/3013\/revisions\/3014"}],"wp:attachment":[{"href":"https:\/\/cem.info.pl\/index.php?rest_route=%2Fwp%2Fv2%2Fmedia&parent=3013"}],"curies":[{"name":"wp","href":"https:\/\/api.w.org\/{rel}","templated":true}]}}