{"id":2286,"date":"2022-02-23T23:37:26","date_gmt":"2022-02-23T22:37:26","guid":{"rendered":"https:\/\/cem.info.pl\/?page_id=2286"},"modified":"2022-12-19T11:52:59","modified_gmt":"2022-12-19T10:52:59","slug":"rodo","status":"publish","type":"page","link":"https:\/\/cem.info.pl\/?page_id=2286","title":{"rendered":"Rodo"},"content":{"rendered":"<p>KLAUZULA INFORMACYJNA<\/p>\n<p>dotycz\u0105ca ochrony danych osobowych (RODO) dla cz\u0142onk\u00f3w stowarzyszenia<br \/>\nCentrum Edukacji Mi\u0119dzykulturowej (CEM) w Nowym S\u0105czu oraz dla<br \/>\nUczestnik\u00f3w projekt\u00f3w i przedsi\u0119wzi\u0119\u0107 realizowanych przez stowarzyszenie<br \/>\nCEM<br \/>\nW zwi\u0105zku z wej\u015bciem w \u017cycie rozporz\u0105dzenia PE 2016\/679 z 27.04.2016 w sprawie ochrony<br \/>\nos\u00f3b fizycznych w zwi\u0105zku z przetwarzaniem danych osobowych zwane RODO niniejszym &#8211;<br \/>\nzgodnie z art.13 wymienionego rozporz\u0105dzenia \u2013 informujemy, co nast\u0119puje:<\/p>\n<p>1. Administratorem Pani\/Pana danych osobowych jest stowarzyszenie Centrum Edukacji<br \/>\nMi\u0119dzykulturowej w Nowym S\u0105czu , Al. Wolno\u015bci 23.<br \/>\nKontakt z administratorem danych : Tel +48 602 476 108, +48 608 315 089<\/p>\n<p>2. Administrator danych nie jest zobowi\u0105zany do powo\u0142ania inspektora ochrony danych.<br \/>\nAdministrator danych nie powo\u0142a\u0142 inspektora ochrony danych.<\/p>\n<p>3. Pani\/Pana dane osobowe przetwarzane s\u0105 w celach:<br \/>\n1) realizacji zada\u0144 statutowych Administratora,<br \/>\n2) cz\u0142onkostwa w stowarzyszeniu Centrum Edukacji Mi\u0119dzykulturowej oraz uczestnictwa w<br \/>\nprojektach i przedsi\u0119wzi\u0119ciach realizowanych przez stowarzyszenie.<br \/>\n3) budowania dobrego wizerunku Administratora,<br \/>\n4) techniczno-organizacyjnych,<br \/>\n5) statystycznych.<\/p>\n<p>4. Podstawa prawna przetwarzania danych osobowych:<br \/>\n1) przetwarzanie Pani\/Pana danych wizerunkowych odbywa si\u0119 na podstawie wyra\u017conej<br \/>\nprzez Pani\/Pana zgody, tj. na podstawie artyku\u0142u 6 ust. 1 lit. a) RODO,<br \/>\n2) przetwarzanie Pani\/Pana danych osobowych jest niezb\u0119dne do wype\u0142nienia obowi\u0105zku<br \/>\nprawnego ci\u0105\u017c\u0105cego na Administratorze w zakresie dokumentowania zdarze\u0144 gospodarczych<br \/>\ndla cel\u00f3w podatkowych i rachunkowych i odbywa si\u0119 na podstawie artyku\u0142u 6 ust. 1 lit c)<br \/>\nRODO,<br \/>\n3) przetwarzanie Pani\/Pana danych osobowych jest niezb\u0119dne do wykonania zada\u0144<br \/>\nrealizowanych w interesie publicznym i odbywa si\u0119 na podstawie artyku\u0142u 6 ust. 1 lit. e)<br \/>\nRODO,<\/p>\n<p>&nbsp;<\/p>","protected":false},"excerpt":{"rendered":"<p>KLAUZULA INFORMACYJNA dotycz\u0105ca ochrony danych osobowych (RODO) dla cz\u0142onk\u00f3w stowarzyszenia Centrum Edukacji Mi\u0119dzykulturowej (CEM) w Nowym S\u0105czu oraz dla Uczestnik\u00f3w projekt\u00f3w i przedsi\u0119wzi\u0119\u0107 realizowanych przez stowarzyszenie CEM W zwi\u0105zku z wej\u015bciem w \u017cycie rozporz\u0105dzenia PE 2016\/679 z 27.04.2016 w sprawie ochrony os\u00f3b fizycznych w zwi\u0105zku z przetwarzaniem danych osobowych zwane RODO niniejszym &#8211; zgodnie z [&hellip;]<\/p>\n","protected":false},"author":1,"featured_media":0,"parent":0,"menu_order":0,"comment_status":"closed","ping_status":"closed","template":"","meta":{"ngg_post_thumbnail":0,"footnotes":""},"class_list":["post-2286","page","type-page","status-publish","hentry"],"_links":{"self":[{"href":"https:\/\/cem.info.pl\/index.php?rest_route=\/wp\/v2\/pages\/2286","targetHints":{"allow":["GET"]}}],"collection":[{"href":"https:\/\/cem.info.pl\/index.php?rest_route=\/wp\/v2\/pages"}],"about":[{"href":"https:\/\/cem.info.pl\/index.php?rest_route=\/wp\/v2\/types\/page"}],"author":[{"embeddable":true,"href":"https:\/\/cem.info.pl\/index.php?rest_route=\/wp\/v2\/users\/1"}],"replies":[{"embeddable":true,"href":"https:\/\/cem.info.pl\/index.php?rest_route=%2Fwp%2Fv2%2Fcomments&post=2286"}],"version-history":[{"count":12,"href":"https:\/\/cem.info.pl\/index.php?rest_route=\/wp\/v2\/pages\/2286\/revisions"}],"predecessor-version":[{"id":2546,"href":"https:\/\/cem.info.pl\/index.php?rest_route=\/wp\/v2\/pages\/2286\/revisions\/2546"}],"wp:attachment":[{"href":"https:\/\/cem.info.pl\/index.php?rest_route=%2Fwp%2Fv2%2Fmedia&parent=2286"}],"curies":[{"name":"wp","href":"https:\/\/api.w.org\/{rel}","templated":true}]}}