{"id":1399,"date":"2016-01-05T17:20:53","date_gmt":"2016-01-05T16:20:53","guid":{"rendered":"http:\/\/www.cem.info.pl\/?page_id=1399"},"modified":"2017-12-06T00:31:13","modified_gmt":"2017-12-05T23:31:13","slug":"erasmus","status":"publish","type":"page","link":"https:\/\/cem.info.pl\/?page_id=1399","title":{"rendered":"Erasmus+"},"content":{"rendered":"<p><\/p>\n<p style=\"text-align: center;\"><a href=\"http:\/\/www.cem.info.pl\/wp-content\/uploads\/2016\/01\/erasmus.jpg\"  rel=\"lightbox[1399] attachment wp-att-1401\"><img loading=\"lazy\" decoding=\"async\" class=\"size-medium wp-image-1401 aligncenter\" src=\"http:\/\/www.cem.info.pl\/wp-content\/uploads\/2016\/01\/erasmus-300x86.jpg\" alt=\"erasmus\" width=\"300\" height=\"86\" srcset=\"https:\/\/cem.info.pl\/wp-content\/uploads\/2016\/01\/erasmus-300x86.jpg 300w, https:\/\/cem.info.pl\/wp-content\/uploads\/2016\/01\/erasmus.jpg 600w\" sizes=\"auto, (max-width: 300px) 100vw, 300px\" \/><\/a><\/p>\n<h4 style=\"text-align: center;\">\u2022 Projekt&nbsp;wsp\u00f3\u0142finansowany w ramach programu Unii Europejskiej Erasmus+ .<\/h4>\n<p>Dane o projekcie:<strong> ERASMUS+ K2<\/strong><\/p>\n<p>Kod kontrolny wniosku:<strong> 2A61361AEFB69E5C<\/strong><\/p>\n<p>Akcja kluczowa:<strong> Wsp\u00f3\u0142praca na rzecz innowacji i wymiany dobrych praktyk.<\/strong><\/p>\n<p>Akcja:<strong>&nbsp;Partnerstwa strategiczne.<\/strong><\/p>\n<p>Do kt\u00f3rego sektora wniosek jest adresowany w najwi\u0119kszym stopniu?&nbsp;<strong>Partnerstwa strategiczne na rzecz edukacji os\u00f3b doros\u0142ych.&nbsp; &nbsp; &nbsp; <\/strong><\/p>\n<p>G\u0142\u00f3wny cel projektu:&nbsp;<strong>Wymiana praktyk.<\/strong><\/p>\n<p>Konkurs:&nbsp;<strong>2016<\/strong><\/p>\n<p>Runda selekcyjna:&nbsp;<strong>Runda 1<\/strong><\/p>\n<p>Termin z\u0142o\u017cenia wniosku (dd-mm-rrrr godz\/min\/sek &#8211; czasu brukselskiego, Belgia):&nbsp;<strong>31-03-2016, 12:00:00<\/strong><\/p>\n<p>Tytu\u0142 projektu:&nbsp;<strong>Trzy filary mostu PL+DE+SK dla wymiany praktyk w celu wzmocnienia dzia\u0142alno\u015bci Organizacji.&nbsp; &nbsp; &nbsp; &nbsp; &nbsp; &nbsp; &nbsp; &nbsp; &nbsp; &nbsp; &nbsp; &nbsp; &nbsp; &nbsp; &nbsp; &nbsp; &nbsp; &nbsp; &nbsp; &nbsp; &nbsp; &nbsp; &nbsp; &nbsp; &nbsp; &nbsp; &nbsp; &nbsp; &nbsp; &nbsp; &nbsp; &nbsp; &nbsp; &nbsp; &nbsp; &nbsp; &nbsp; &nbsp; &nbsp; &nbsp; &nbsp; &nbsp; &nbsp; &nbsp; &nbsp; &nbsp; &nbsp; &nbsp; &nbsp; &nbsp; &nbsp; &nbsp; &nbsp; &nbsp; &nbsp; &nbsp; &nbsp; &nbsp; &nbsp; &nbsp; &nbsp; &nbsp; &nbsp; &nbsp; &nbsp; &nbsp; &nbsp; &nbsp; &nbsp; &nbsp; &nbsp; &nbsp; &nbsp; &nbsp; &nbsp; &nbsp; &nbsp; &nbsp; &nbsp; &nbsp; &nbsp; &nbsp;<br \/>\n<\/strong><\/p>\n<p>Data rozpocz\u0119cia projektu:<strong>&nbsp;01-09-2016<\/strong><\/p>\n<p>\u0141\u0105czny czas trwania projektu:&nbsp;<strong>24 miesi\u0105ce<\/strong><\/p>\n<p>Data zako\u0144czenia projektu:<strong>&nbsp;31-08-2018<\/strong><\/p>\n<h4 style=\"text-align: center;\">\u2022 Projekt&nbsp;wsp\u00f3\u0142finansowany w ramach programu Unii Europejskiej Erasmus+ .<\/h4>\n<p><strong>Dane o projekcie: ERASMUS+ K1<\/strong><\/p>\n<p><strong>Numer &nbsp;projektu: 2014-1-PL01-KA104-000982<\/strong><\/p>\n<p><strong>Tytu\u0142:&nbsp;ICT Innovations for Intercultural Education<\/strong><\/p>\n<p><strong>Mobilno\u015b\u0107 edukacyjna \/ Mobilno\u015b\u0107 kadry edukacji doros\u0142ych<\/strong><\/p>\n<p><strong>Termin : 01.10.2014 \u2013 30.09.2015 <\/strong><\/p>","protected":false},"excerpt":{"rendered":"<p>\u2022 Projekt&nbsp;wsp\u00f3\u0142finansowany w ramach programu Unii Europejskiej Erasmus+ . Dane o projekcie: ERASMUS+ K2 Kod kontrolny wniosku: 2A61361AEFB69E5C Akcja kluczowa: Wsp\u00f3\u0142praca na rzecz innowacji i wymiany dobrych praktyk. Akcja:&nbsp;Partnerstwa strategiczne. Do kt\u00f3rego sektora wniosek jest adresowany w najwi\u0119kszym stopniu?&nbsp;Partnerstwa strategiczne na rzecz edukacji os\u00f3b doros\u0142ych.&nbsp; &nbsp; &nbsp; G\u0142\u00f3wny cel projektu:&nbsp;Wymiana praktyk. Konkurs:&nbsp;2016 Runda selekcyjna:&nbsp;Runda 1 [&hellip;]<\/p>\n","protected":false},"author":3,"featured_media":0,"parent":0,"menu_order":2,"comment_status":"closed","ping_status":"closed","template":"","meta":{"ngg_post_thumbnail":0,"footnotes":""},"class_list":["post-1399","page","type-page","status-publish","hentry"],"_links":{"self":[{"href":"https:\/\/cem.info.pl\/index.php?rest_route=\/wp\/v2\/pages\/1399","targetHints":{"allow":["GET"]}}],"collection":[{"href":"https:\/\/cem.info.pl\/index.php?rest_route=\/wp\/v2\/pages"}],"about":[{"href":"https:\/\/cem.info.pl\/index.php?rest_route=\/wp\/v2\/types\/page"}],"author":[{"embeddable":true,"href":"https:\/\/cem.info.pl\/index.php?rest_route=\/wp\/v2\/users\/3"}],"replies":[{"embeddable":true,"href":"https:\/\/cem.info.pl\/index.php?rest_route=%2Fwp%2Fv2%2Fcomments&post=1399"}],"version-history":[{"count":10,"href":"https:\/\/cem.info.pl\/index.php?rest_route=\/wp\/v2\/pages\/1399\/revisions"}],"predecessor-version":[{"id":1895,"href":"https:\/\/cem.info.pl\/index.php?rest_route=\/wp\/v2\/pages\/1399\/revisions\/1895"}],"wp:attachment":[{"href":"https:\/\/cem.info.pl\/index.php?rest_route=%2Fwp%2Fv2%2Fmedia&parent=1399"}],"curies":[{"name":"wp","href":"https:\/\/api.w.org\/{rel}","templated":true}]}}